ded by 61?
56
Suppose 3*q = 4*d + 281, 5*q - 3*d - 2*d - 475 = 0. Calculate the remainder when q is divided by 10.
9
Suppose 6*b - 16 = 4*b. Suppose 53 = o - b. What is the remainder when o is divided by 16?
13
Suppose 3*n - 4*d = -7, 4*n + 0*d + 4*d - 28 = 0. Let c = -684 + 692. What is the remainder when c is divided by n?
2
Suppose -4*t - 11 = -3*k + 12, -19 = -3*k + 2*t. Suppose 3*z - k*g - 200 = -z, z + 2*g - 63 = 0. Calculate the remainder when z is divided by 20.
15
Suppose 15*l - 238 - 212 = 0. Calculate the remainder when 110 is divided by l.
20
Calculate the remainder when 15 is divided by (2 - 4) + -2 - -13.
6
Suppose 20 = 10*r - 5*r. Suppose i - 2*i = -r. Suppose i*u - 11 = 21. Calculate the remainder when 22 is divided by u.
6
Let f(s) = -s**3 - 15*s**2 - 17*s + 2. Let y(l) = 2*l**3 + 31*l**2 + 35*l - 4. Let w(i) = 9*f(i) + 4*y(i). Calculate the remainder when 62 is divided by w(-10).
30
Let t(k) = k**3 + 5*k**2 + 2*k + 2. Let l be t(-4). Let d = l - 8. Suppose -3*c + 3 = -4*z, 4*c - 4 = -0*z - 3*z. What is the remainder when d is divided by c?
0
Suppose 20 = 5*g + s, -3*s = -12 + 27. Suppose g*j + 3 + 2 = -5*m, -j = -m + 7. What is the remainder when 1 + -2 - (-8)/1 is divided by m?
1
Suppose -3 = -3*o + 87. What is the remainder when 478 is divided by o?
28
Let j(u) = 2*u**3 - 4*u**2 + 3*u - 1. Let z be j(2). Let f = 30 - 40. What is the remainder when 10 is divided by z/(f/6)*-1?
1
Let q = 45 + -34. Calculate the remainder when (0 - (-270)/14) + (-2)/7 is divided by q.
8
Suppose 4*h - 92 = -0*h. Let j be (-8)/(24/(-9)) - -29. Let f = j - h. What is the remainder when 15 is divided by f?
6
Suppose -2*m = -2*c - 80, 4*c = 2*m + m - 116. Suppose -17 = -2*k + 3*b - 1, -k - b + 3 = 0. Calculate the remainder when m is divided by k.
4
Calculate the remainder when -4 + (2 + 10)/((-18)/(-117)) is divided by 11.
8
Calculate the remainder when 124 is divided by (-144)/14*(-28)/8.
16
Let q be (-69)/(-21) - 8/28. Suppose 5*n + b = 17, -3*n + b = -2*b - q. Suppose n*z - 8*z = -245. What is the remainder when z is divided by 25?
24
Let o = 11 + -9. What is the remainder when 9 is divided by (-4 + (19 - 1))/o?
2
Let h(v) = 2*v**2 - 10*v - 5. Suppose 6 = -44*m + 45*m. Calculate the remainder when 34 is divided by h(m).
6
What is the remainder when 28 is divided by 3/(-8) - (-6 - (-1265)/(-88))?
8
Suppose 105*k = 95*k + 1670. What is the remainder when k is divided by 24?
23
Let y = -27 + 107. Calculate the remainder when y is divided by 10.
0
Suppose -3*s = 2*m + 1 - 8, 3*s - m - 19 = 0. Suppose 0 = -s*d - 5*z + 1190, 3*z = -2*d + 6*z + 466. What is the remainder when d is divided by 34?
32
Let r(l) = 4*l**3 + 3*l**2 + 3*l + 3. Let w be r(-3). Let i = -52 - w. Let k = 103 + -91. Calculate the remainder when i is divided by k.
11
Let z(a) = -12*a**3 - 7*a**2 + 4*a + 22. What is the remainder when z(-3) is divided by 69?
64
Suppose -4*c = -l + 277, -5*c - l + 2*l - 345 = 0. Suppose 3*w + 12*y = 10*y - 22, 0 = w - 3*y + 11. Calculate the remainder when (c/6)/(w/12) is divided by 10.
7
Let b = -326 - -395. Calculate the remainder when b is divided by 18.
15
Suppose -9*d - 1673 = -16*d. Calculate the remainder when d is divided by 81.
77
Let x(c) = c**3 - 10*c**2 - 41*c + 36. What is the remainder when 33 is divided by x(13)?
3
Let p(r) = 12*r - 92. What is the remainder when p(30) is divided by 55?
48
Let z(a) = -a**2 + 14*a + 13. Let s be -7 - -11 - -1*8. What is the remainder when z(s) is divided by 10?
7
Suppose 4 = 4*s + 3*i - 59, 3*i = -s + 9. Suppose 0*h - 4 = -h. Suppose -v + 50 = -y - y, -100 = -2*v - h*y. Calculate the remainder when v is divided by s.
14
Let z = -41 - -58. Calculate the remainder when z is divided by 8.
1
Let b(t) = 19*t**3 + 2*t**2 + 2*t + 1. What is the remainder when b(3) is divided by 11?
10
Let v = -152 + 235. Calculate the remainder when v is divided by 22.
17
Let p(b) be the first derivative of 1/3*b**3 - b**2 + 13 - 9*b. What is the remainder when p(-4) is divided by 9?
6
Suppose 0 = -10*c + 6*c + 52. Let s = 16 + 7. Calculate the remainder when s is divided by c.
10
Let n = -232 + 241. What is the remainder when 52 is divided by n?
7
Let y = -285 + 299. What is the remainder when 25 is divided by y?
11
Let h(r) be the first derivative of -r**4/4 - 22*r**3/3 - 21*r**2/2 + 7*r - 12. What is the remainder when 22 is divided by h(-21)?
1
Suppose 0 = 2*l - 4*t - 104, -t - 2*t - 225 = -5*l. Calculate the remainder when 165 is divided by l.
39
Let t = 80 + -72. Suppose 0 = -t*c + 86 + 122. What is the remainder when c is divided by 11?
4
What is the remainder when (-227286)/(-966) + (-1)/(-7)*-2 is divided by 34?
31
Suppose -z + 88 = i, -2*i + 406 - 60 = 4*z. What is the remainder when 1188 is divided by z?
83
Let b(t) = 2*t**2 + t - 4. Let p be b(2). Let h be (p/4)/(27/(-36)). Calculate the remainder when 59 is divided by -3 - -46*h/(-4).
19
Let c(f) = 6*f**3 - 4*f**2 - f - 2. Let y = -49 + 51. What is the remainder when c(y) is divided by 5?
3
Suppose -2*g = 6, i + 0*i - g = -215. Let x be i/(-6) + 26/39. Let b = -26 + x. What is the remainder when b is divided by 7?
4
Suppose -5*z - 209 = 3*l, 4*l + z = -4*z - 272. What is the remainder when (-1)/(-3) - 3/(l/833) is divided by 21?
19
Suppose -212 - 63 = -5*m - 3*s, 4*m - s - 203 = 0. Calculate the remainder when 205 is divided by m.
49
Suppose 0 = n - 3 - 0. Suppose -60 = -2*g - n*g. Let s(r) = r**3 + 8*r**2 + 42*r + 249. Calculate the remainder when s(-6) is divided by g.
9
Suppose 648 = -5*q + 14*q. Suppose -q*o = -71*o - 30. What is the remainder when o is divided by 14?
2
Let j be 6/(-15)*(-1 + -4) + 3. Suppose -u - 5 = 0, 4*o + 2*u = j*u + 611. What is the remainder when o is divided by 30?
29
Let a = -956 - -960. What is the remainder when 29 is divided by a?
1
Suppose 43 = 5*d - 32. Suppose -4*g - d = -5*g. What is the remainder when g is divided by (15 - (-9)/(-3)) + -3?
6
Let c be (-2)/4*-18*(-14)/(-21). Suppose -3*q = -c*q + 87. What is the remainder when q is divided by 11?
7
Let y(l) = -2*l**2 - 6*l - 11. Let k(o) = 3*o**2 + 12*o + 22. Let x(m) = -2*k(m) - 5*y(m). Calculate the remainder when x(-3) is divided by 15.
14
What is the remainder when 39 is divided by -16 + 13 + (-2 - (2 - 17))?
9
Let n = -86 - -131. Calculate the remainder when n is divided by 8.
5
Let w(q) = -q**3 + 13*q**2 + 6*q + 21. Let r be w(13). Let x = -83 + r. What is the remainder when 29 is divided by x?
13
Suppose t = -0*t. Suppose t = r + 3*r. What is the remainder when 9 + -2 + (2 - r) is divided by 4?
1
Suppose -65 = -23*w + 18*w. What is the remainder when 73 is divided by w?
8
Let x(c) = 6*c + 89. What is the remainder when 33 is divided by x(-10)?
4
Let u(g) be the second derivative of -g**4/12 + 2*g**3 - 11*g**2 - 3*g. What is the remainder when 13 is divided by u(9)?
3
Calculate the remainder when (-42)/(-18) + -2 + 2516/12 is divided by 51.
6
Suppose 4*v + 2*t - 40 = 0, -3*v + 5*t + 68 = v. Let f be (-1)/4 - 630/8. Let a = -46 - f. What is the remainder when a is divided by v?
9
Let w be ((-2)/((-32)/4))/(1/892). Let f = -150 + w. What is the remainder when f is divided by 15?
13
Let z(s) = 3*s**2 - 7*s - 14. Calculate the remainder when z(7) is divided by 18.
12
Let w(t) = 2*t**2 + 3*t - 1. What is the remainder when w(-6) is divided by 8?
5
Let x(l) = -2*l**2 + 12*l + 7. Let f be x(6). Suppose -f*t - 25 = -8*t. What is the remainder when t is divided by 15?
10
Let q = 153 + -88. Let n(h) = h**2 + 9*h - 6. Let x be n(-10). Suppose -x*t + 9*t - q = 0. What is the remainder when 49 is divided by t?
10
Calculate the remainder when 191 is divided by (3 - (-12 + -4)) + 3.
15
Let r = 140 + -103. Suppose 0*a = z + 3*a - 5, a = 4*z - 33. What is the remainder when r is divided by z?
5
Let m(h) = -42*h**3 + 2*h**2 + 2*h. What is the remainder when m(-1) is divided by 33?
9
Suppose -2*t = -5*t + 117. Calculate the remainder when t is divided by (1 + -2 + -2)/((-30)/70).
4
Suppose h = -j + 2 - 0, 0 = -2*h - j + 4. Suppose -5*t + 91 = -h*u, -3*t - 3*u = 2*t - 76. What is the remainder when 38 is divided by t?
4
Suppose 3*f = 5*d + 445, -3*f = f - d - 599. Calculate the remainder when f is divided by 39.
33
Let n(h) = -22*h - 257*h**3 + 17*h**2 + 126*h**3 + 130*h**3 + 11 - 8*h. 